{"id":28,"date":"2021-06-09T13:35:10","date_gmt":"2021-06-09T13:35:10","guid":{"rendered":"https:\/\/bmd-hasslinghausen.de\/?page_id=28"},"modified":"2021-06-09T13:42:04","modified_gmt":"2021-06-09T13:42:04","slug":"stoerungsdienst-von-baumaschienendienst-hasslinghausen","status":"publish","type":"page","link":"https:\/\/bmd-hasslinghausen.de\/?page_id=28","title":{"rendered":"Reperatur &amp; St\u00f6rungsdienst"},"content":{"rendered":"<p>Ausfallzeiten f\u00fchren zu Kosten. Wir bieten schnelle Hilfe !<br \/>\nUnsere zwei Mitarbeiter, die ausschlie\u00dflich f\u00fcr den St\u00f6rungsdienst bereit<br \/>\nstehen, haben vollausgestattete Werkstattwagen mit g\u00e4ngigen<br \/>\nErsatzteilen. Alternativ verwenden wir die Ersatzteile aus unserem<br \/>\numfangreichen Lagerbestand. Im Fall einer St\u00f6rung k\u00f6nnen wir somit schnell reagieren.<\/p>\n","protected":false},"excerpt":{"rendered":"<p>Ausfallzeiten f\u00fchren zu Kosten. Wir bieten schnelle Hilfe ! Unsere zwei Mitarbeiter, die ausschlie\u00dflich f\u00fcr den St\u00f6rungsdienst bereit stehen, haben vollausgestattete Werkstattwagen mit g\u00e4ngigen Ersatzteilen. Alternativ verwenden wir die Ersatzteile aus unserem umfangreichen Lagerbestand. Im Fall einer St\u00f6rung k\u00f6nnen wir somit schnell reagieren.<\/p>\n","protected":false},"author":1,"featured_media":0,"parent":0,"menu_order":0,"comment_status":"closed","ping_status":"closed","template":"","meta":{"footnotes":""},"_links":{"self":[{"href":"https:\/\/bmd-hasslinghausen.de\/index.php?rest_route=\/wp\/v2\/pages\/28"}],"collection":[{"href":"https:\/\/bmd-hasslinghausen.de\/index.php?rest_route=\/wp\/v2\/pages"}],"about":[{"href":"https:\/\/bmd-hasslinghausen.de\/index.php?rest_route=\/wp\/v2\/types\/page"}],"author":[{"embeddable":true,"href":"https:\/\/bmd-hasslinghausen.de\/index.php?rest_route=\/wp\/v2\/users\/1"}],"replies":[{"embeddable":true,"href":"https:\/\/bmd-hasslinghausen.de\/index.php?rest_route=%2Fwp%2Fv2%2Fcomments&post=28"}],"version-history":[{"count":2,"href":"https:\/\/bmd-hasslinghausen.de\/index.php?rest_route=\/wp\/v2\/pages\/28\/revisions"}],"predecessor-version":[{"id":49,"href":"https:\/\/bmd-hasslinghausen.de\/index.php?rest_route=\/wp\/v2\/pages\/28\/revisions\/49"}],"wp:attachment":[{"href":"https:\/\/bmd-hasslinghausen.de\/index.php?rest_route=%2Fwp%2Fv2%2Fmedia&parent=28"}],"curies":[{"name":"wp","href":"https:\/\/api.w.org\/{rel}","templated":true}]}}